{"id":137,"date":"2016-05-31T03:40:10","date_gmt":"2016-05-31T01:40:10","guid":{"rendered":"http:\/\/localhost\/www\/SP-dev\/?page_id=137"},"modified":"2017-09-15T21:27:12","modified_gmt":"2017-09-15T19:27:12","slug":"videos","status":"publish","type":"page","link":"https:\/\/societesplurielles.fr\/fr\/publications\/videos\/","title":{"rendered":"Vid\u00e9os"},"content":{"rendered":"<ul class=\"lcp_catlist\"><div class='posts'><h2 class=\"post-title\"><a href=\"https:\/\/societesplurielles.fr\/fr\/itineraires-de-dissidence-interview-de-tomas-venclova\/\">Itin\u00e9raires de dissidence: interviews des fondateurs du groupe Helsinki<\/a><\/h2>  <p class=\"lcp_content\"><p style=\"text-align: left;\">Le projet <strong>Itin\u00e9raires de dissidences<\/strong> con\u00e7u dans le cadre du groupe de travail sur le pluralisme politique (voir le colloque <a href=\"http:\/\/societesplurielles.fr\/helsinki-40-years-after\/\" target=\"_blank\">Helsinki 40 Years After: International Reordering and Societal Change<\/a> des 10-12 d\u00e9cembre 2015), a pour objectif de r\u00e9unir les t\u00e9moignages des acteurs des combats d\u00e9mocratiques dans la soci\u00e9t\u00e9 civile depuis la fin du XXe si\u00e8cle.<\/p>\n<p>Apr\u00e8s le premier entretien r\u00e9alis\u00e9 avec <a href=\"https:\/\/societesplurielles.fr\/fr\/itineraires-de-dissidence\/\" target=\"_blank\"><strong>Ludmila Alekseeva<\/strong><\/a>, fondatrice du Groupe Helsinki de Moscou, le second entretien a \u00e9t\u00e9 r\u00e9alis\u00e9 avec <strong>Tomas Venclova<\/strong>, po\u00e8te, essayiste, traducteur et co-fondateur du Groupe Helsinki de Lituanie: \u00ab\u00a0This system needs to collapse\u00a0\u00bb Tomas Venclova cultural and political dissidence (Entretien en russe sous-titr\u00e9 anglais, r\u00e9alis\u00e9 par Elena Smirnova en juillet 2016, sous-titrage Telos)<\/p>\n<p><iframe loading=\"lazy\" title=\"Venclova ST\" width=\"629\" height=\"354\" src=\"https:\/\/www.youtube.com\/embed\/X-CQF5VQiAA?feature=oembed\" frameborder=\"0\" allow=\"accelerometer; autoplay; clipboard-write; encrypted-media; gyroscope; picture-in-picture; web-share\" referrerpolicy=\"strict-origin-when-cross-origin\" allowfullscreen><\/iframe><\/p>\n<a href=\"https:\/\/societesplurielles.fr\/fr\/itineraires-de-dissidence-interview-de-tomas-venclova\/\" title=\"Continuer la lecture &rarr;\">Continuer la lecture &rarr;<\/a><\/p><\/div><div class='posts'><h2 class=\"post-title\"><a href=\"https:\/\/societesplurielles.fr\/fr\/itineraires-de-dissidence\/\">Itin\u00e9raires de dissidence<\/a><\/h2>  <p class=\"lcp_content\"><p>Entretien avec <strong>Ludmila Alekseeva, fondatrice du Groupe Helsinki de Moscou<\/strong> et personnalit\u00e9 cl\u00e9 des combats pour les <strong>droits de l\u2019homme<\/strong> en Russie : \u00ab\u00a0The beginning of the Moscow Helsinki Group. A conversation with Ludmila Mihailovna Alekseeva\u00a0\u00bb (Entretien en russe sous-titr\u00e9 anglais, r\u00e9alis\u00e9 par Elena Smirnova en aout 2015, r\u00e9alisation Realistfilm.info, sous-titrage Noesis, avec le soutien de l\u2019ONG Memorial et de la Fondation Maison des Sciences de l\u2019Homme)<\/p>\n<p><iframe loading=\"lazy\" title=\"\u201cLudmila Alekseeva: An Interview\u201d \/ &quot;\u041b\u044e\u0434\u043c\u0438\u043b\u0430 \u0410\u043b\u0435\u043a\u0441\u0435\u0435\u0432\u0430: \u0438\u043d\u0442\u0435\u0440\u0432\u044c\u044e&quot; (with English subtitles)\" width=\"629\" height=\"354\" src=\"https:\/\/www.youtube.com\/embed\/K-SF0ffqMQs?feature=oembed\" frameborder=\"0\" allow=\"accelerometer; autoplay; clipboard-write; encrypted-media; gyroscope; picture-in-picture; web-share\" referrerpolicy=\"strict-origin-when-cross-origin\" allowfullscreen><\/iframe><\/p>\n<a href=\"https:\/\/societesplurielles.fr\/fr\/itineraires-de-dissidence\/\" title=\"Continuer la lecture &rarr;\">Continuer la lecture &rarr;<\/a><\/p><\/div><div class='posts'><h2 class=\"post-title\"><a href=\"https:\/\/societesplurielles.fr\/fr\/cosmopolitisme-migrations-ville-mondes\/\">Cosmopolitisme, migrations, ville-mondes<\/a><\/h2>  <p class=\"lcp_content\"><p><strong>S\u00e9minaire transversal organis\u00e9 par Soci\u00e9t\u00e9s plurielles \u00e0 l\u2019INALCO<\/strong><\/p>\n<p><iframe loading=\"lazy\" title=\"S\u00e9minaire Camil P\u00e2rvu\" width=\"629\" height=\"354\" src=\"https:\/\/www.youtube.com\/embed\/KAUBfZ41YZ0?feature=oembed\" frameborder=\"0\" allow=\"accelerometer; autoplay; clipboard-write; encrypted-media; gyroscope; picture-in-picture; web-share\" referrerpolicy=\"strict-origin-when-cross-origin\" allowfullscreen><\/iframe><\/p>\n<p><a href=\"https:\/\/www.youtube.com\/watch?v=iIcqOXdGGIs\">https:\/\/www.youtube.com\/watch?v=iIcqOXdGGIs<\/a><\/p>\n<a href=\"https:\/\/societesplurielles.fr\/fr\/cosmopolitisme-migrations-ville-mondes\/\" title=\"Continuer la lecture &rarr;\">Continuer la lecture &rarr;<\/a><\/p><\/div><div class='posts'><h2 class=\"post-title\"><a href=\"https:\/\/societesplurielles.fr\/fr\/la-crise-forme-multiple-et-resilience\/\">La crise : forme multiple et r\u00e9silience<\/a><\/h2>  <p class=\"lcp_content\"><p><strong>S\u00e9minaire transversal organis\u00e9 par Soci\u00e9t\u00e9s plurielles \u00e0 l\u2019INALCO<\/strong><\/p>\n<p><iframe loading=\"lazy\" title=\"S\u00e9minaire Catherine Poujol\" width=\"629\" height=\"354\" src=\"https:\/\/www.youtube.com\/embed\/LT1cSN-sFy0?feature=oembed\" frameborder=\"0\" allow=\"accelerometer; autoplay; clipboard-write; encrypted-media; gyroscope; picture-in-picture; web-share\" referrerpolicy=\"strict-origin-when-cross-origin\" allowfullscreen><\/iframe><\/p>\n<p><iframe loading=\"lazy\" title=\"S\u00e9minaire Lila Belkacem\" width=\"629\" height=\"354\" src=\"https:\/\/www.youtube.com\/embed\/bXH0zU5REd4?feature=oembed\" frameborder=\"0\" allow=\"accelerometer; autoplay; clipboard-write; encrypted-media; gyroscope; picture-in-picture; web-share\" referrerpolicy=\"strict-origin-when-cross-origin\" allowfullscreen><\/iframe><\/p>\n<a href=\"https:\/\/societesplurielles.fr\/fr\/la-crise-forme-multiple-et-resilience\/\" title=\"Continuer la lecture &rarr;\">Continuer la lecture &rarr;<\/a><\/p><\/div><div class='posts'><h2 class=\"post-title\"><a href=\"https:\/\/societesplurielles.fr\/fr\/travailler-la-notion-dimaginaire-historiens-et-geographes-2\/\">Travailler la notion d\u2019imaginaire : historiens et g\u00e9ographes<\/a><\/h2>  <p class=\"lcp_content\"><p><strong>S\u00e9minaire transversal organis\u00e9 par Soci\u00e9t\u00e9s plurielles \u00e0 l\u2019INALCO<\/strong><\/p>\n<p><iframe loading=\"lazy\" title=\"S\u00e9minaire Madalina Vartejanu-Joubert\" width=\"629\" height=\"354\" src=\"https:\/\/www.youtube.com\/embed\/kPKTfeJ3sio?feature=oembed\" frameborder=\"0\" allow=\"accelerometer; autoplay; clipboard-write; encrypted-media; gyroscope; picture-in-picture; web-share\" referrerpolicy=\"strict-origin-when-cross-origin\" allowfullscreen><\/iframe><\/p>\n<p><iframe loading=\"lazy\" title=\"S\u00e9minaire Pag\u00e8s El Karoui\" width=\"629\" height=\"354\" src=\"https:\/\/www.youtube.com\/embed\/BQlo45_iim4?feature=oembed\" frameborder=\"0\" allow=\"accelerometer; autoplay; clipboard-write; encrypted-media; gyroscope; picture-in-picture; web-share\" referrerpolicy=\"strict-origin-when-cross-origin\" allowfullscreen><\/iframe><\/p>\n<a href=\"https:\/\/societesplurielles.fr\/fr\/travailler-la-notion-dimaginaire-historiens-et-geographes-2\/\" title=\"Continuer la lecture &rarr;\">Continuer la lecture &rarr;<\/a><\/p><\/div><\/ul><ul class='lcp_paginator'><li class='lcp_currentpage'>1<\/li><li><a href='https:\/\/societesplurielles.fr\/fr\/wp-json\/wp\/v2\/pages\/137?lcp_page0=2#lcp_instance_0' title='2'>2<\/a><\/li><li><a href='https:\/\/societesplurielles.fr\/fr\/wp-json\/wp\/v2\/pages\/137?lcp_page0=2#lcp_instance_0' title='2' class='lcp_nextlink'>Suivant<\/a><\/li><\/ul>\n","protected":false},"excerpt":{"rendered":"","protected":false},"author":1,"featured_media":0,"parent":90,"menu_order":43,"comment_status":"closed","ping_status":"closed","template":"","meta":{"_fr_post_content":"[catlist name=\"videos\" customfield_display=\"a-venir\" customfield_display_name=no content=yes pagination=\"yes\" numberposts=5 pagination_prev\"Pr\u00e9c\u00e9dent\" pagination_next=\"Suivant\" template=default]","_fr_post_name":"videos","_fr_post_excerpt":"","_fr_post_title":"Vid\u00e9os","_en_post_content":"[catlist name=\"videos\" customfield_display=\"a-venir\" customfield_display_name=no content=yes pagination=\"yes\" numberposts=5 pagination_prev\"Previous\" pagination_next=\"Next\" template=default]","_en_post_name":"videos","_en_post_excerpt":"","_en_post_title":"Videos","edit_language":"fr","footnotes":""},"class_list":["post-137","page","type-page","status-publish","hentry"],"_links":{"self":[{"href":"https:\/\/societesplurielles.fr\/fr\/wp-json\/wp\/v2\/pages\/137","targetHints":{"allow":["GET"]}}],"collection":[{"href":"https:\/\/societesplurielles.fr\/fr\/wp-json\/wp\/v2\/pages"}],"about":[{"href":"https:\/\/societesplurielles.fr\/fr\/wp-json\/wp\/v2\/types\/page"}],"author":[{"embeddable":true,"href":"https:\/\/societesplurielles.fr\/fr\/wp-json\/wp\/v2\/users\/1"}],"replies":[{"embeddable":true,"href":"https:\/\/societesplurielles.fr\/fr\/wp-json\/wp\/v2\/comments?post=137"}],"version-history":[{"count":21,"href":"https:\/\/societesplurielles.fr\/fr\/wp-json\/wp\/v2\/pages\/137\/revisions"}],"predecessor-version":[{"id":1419,"href":"https:\/\/societesplurielles.fr\/fr\/wp-json\/wp\/v2\/pages\/137\/revisions\/1419"}],"up":[{"embeddable":true,"href":"https:\/\/societesplurielles.fr\/fr\/wp-json\/wp\/v2\/pages\/90"}],"wp:attachment":[{"href":"https:\/\/societesplurielles.fr\/fr\/wp-json\/wp\/v2\/media?parent=137"}],"curies":[{"name":"wp","href":"https:\/\/api.w.org\/{rel}","templated":true}]}}

Vidéos

<ul class="lcp_catlist"><div class='posts'><h2 class="post-title"><a href="https://societesplurielles.fr/fr/itineraires-de-dissidence-interview-de-tomas-venclova/">Itinéraires de dissidence: interviews des fondateurs du groupe Helsinki</a></h2>  <p class="lcp_content"><p style="text-align: left;">Le projet <strong>Itinéraires de dissidences</strong> conçu dans le cadre du groupe de travail sur le pluralisme politique (voir le colloque <a href="http://societesplurielles.fr/helsinki-40-years-after/" target="_blank">Helsinki 40 Years After: International Reordering and Societal Change</a> des 10-12 décembre 2015), a pour objectif de réunir les témoignages des acteurs des combats démocratiques dans la société civile depuis la fin du XXe siècle.</p>
<p>Après le premier entretien réalisé avec <a href="https://societesplurielles.fr/fr/itineraires-de-dissidence/" target="_blank"><strong>Ludmila Alekseeva</strong></a>, fondatrice du Groupe Helsinki de Moscou, le second entretien a été réalisé avec <strong>Tomas Venclova</strong>, poète, essayiste, traducteur et co-fondateur du Groupe Helsinki de Lituanie: « This system needs to collapse » Tomas Venclova cultural and political dissidence (Entretien en russe sous-titré anglais, réalisé par Elena Smirnova en juillet 2016, sous-titrage Telos)</p>
<p><iframe loading="lazy" title="Venclova ST" width="629" height="354" src="https://www.youtube.com/embed/X-CQF5VQiAA?feature=oembed" frameborder="0" allow="accelerometer; autoplay; clipboard-write; encrypted-media; gyroscope; picture-in-picture; web-share" referrerpolicy="strict-origin-when-cross-origin" allowfullscreen></iframe></p>
<a href="https://societesplurielles.fr/fr/itineraires-de-dissidence-interview-de-tomas-venclova/" title="Continuer la lecture &rarr;">Continuer la lecture &rarr;</a></p></div><div class='posts'><h2 class="post-title"><a href="https://societesplurielles.fr/fr/itineraires-de-dissidence/">Itinéraires de dissidence</a></h2>  <p class="lcp_content"><p>Entretien avec <strong>Ludmila Alekseeva, fondatrice du Groupe Helsinki de Moscou</strong> et personnalité clé des combats pour les <strong>droits de l’homme</strong> en Russie : « The beginning of the Moscow Helsinki Group. A conversation with Ludmila Mihailovna Alekseeva » (Entretien en russe sous-titré anglais, réalisé par Elena Smirnova en aout 2015, réalisation Realistfilm.info, sous-titrage Noesis, avec le soutien de l’ONG Memorial et de la Fondation Maison des Sciences de l’Homme)</p>
<p><iframe loading="lazy" title="“Ludmila Alekseeva: An Interview” / &quot;Людмила Алексеева: интервью&quot; (with English subtitles)" width="629" height="354" src="https://www.youtube.com/embed/K-SF0ffqMQs?feature=oembed" frameborder="0" allow="accelerometer; autoplay; clipboard-write; encrypted-media; gyroscope; picture-in-picture; web-share" referrerpolicy="strict-origin-when-cross-origin" allowfullscreen></iframe></p>
<a href="https://societesplurielles.fr/fr/itineraires-de-dissidence/" title="Continuer la lecture &rarr;">Continuer la lecture &rarr;</a></p></div><div class='posts'><h2 class="post-title"><a href="https://societesplurielles.fr/fr/cosmopolitisme-migrations-ville-mondes/">Cosmopolitisme, migrations, ville-mondes</a></h2>  <p class="lcp_content"><p><strong>Séminaire transversal organisé par Sociétés plurielles à l’INALCO</strong></p>
<p><iframe loading="lazy" title="Séminaire Camil Pârvu" width="629" height="354" src="https://www.youtube.com/embed/KAUBfZ41YZ0?feature=oembed" frameborder="0" allow="accelerometer; autoplay; clipboard-write; encrypted-media; gyroscope; picture-in-picture; web-share" referrerpolicy="strict-origin-when-cross-origin" allowfullscreen></iframe></p>
<p><a href="https://www.youtube.com/watch?v=iIcqOXdGGIs">https://www.youtube.com/watch?v=iIcqOXdGGIs</a></p>
<a href="https://societesplurielles.fr/fr/cosmopolitisme-migrations-ville-mondes/" title="Continuer la lecture &rarr;">Continuer la lecture &rarr;</a></p></div><div class='posts'><h2 class="post-title"><a href="https://societesplurielles.fr/fr/la-crise-forme-multiple-et-resilience/">La crise : forme multiple et résilience</a></h2>  <p class="lcp_content"><p><strong>Séminaire transversal organisé par Sociétés plurielles à l’INALCO</strong></p>
<p><iframe loading="lazy" title="Séminaire Catherine Poujol" width="629" height="354" src="https://www.youtube.com/embed/LT1cSN-sFy0?feature=oembed" frameborder="0" allow="accelerometer; autoplay; clipboard-write; encrypted-media; gyroscope; picture-in-picture; web-share" referrerpolicy="strict-origin-when-cross-origin" allowfullscreen></iframe></p>
<p><iframe loading="lazy" title="Séminaire Lila Belkacem" width="629" height="354" src="https://www.youtube.com/embed/bXH0zU5REd4?feature=oembed" frameborder="0" allow="accelerometer; autoplay; clipboard-write; encrypted-media; gyroscope; picture-in-picture; web-share" referrerpolicy="strict-origin-when-cross-origin" allowfullscreen></iframe></p>
<a href="https://societesplurielles.fr/fr/la-crise-forme-multiple-et-resilience/" title="Continuer la lecture &rarr;">Continuer la lecture &rarr;</a></p></div><div class='posts'><h2 class="post-title"><a href="https://societesplurielles.fr/fr/travailler-la-notion-dimaginaire-historiens-et-geographes-2/">Travailler la notion d’imaginaire : historiens et géographes</a></h2>  <p class="lcp_content"><p><strong>Séminaire transversal organisé par Sociétés plurielles à l’INALCO</strong></p>
<p><iframe loading="lazy" title="Séminaire Madalina Vartejanu-Joubert" width="629" height="354" src="https://www.youtube.com/embed/kPKTfeJ3sio?feature=oembed" frameborder="0" allow="accelerometer; autoplay; clipboard-write; encrypted-media; gyroscope; picture-in-picture; web-share" referrerpolicy="strict-origin-when-cross-origin" allowfullscreen></iframe></p>
<p><iframe loading="lazy" title="Séminaire Pagès El Karoui" width="629" height="354" src="https://www.youtube.com/embed/BQlo45_iim4?feature=oembed" frameborder="0" allow="accelerometer; autoplay; clipboard-write; encrypted-media; gyroscope; picture-in-picture; web-share" referrerpolicy="strict-origin-when-cross-origin" allowfullscreen></iframe></p>
<a href="https://societesplurielles.fr/fr/travailler-la-notion-dimaginaire-historiens-et-geographes-2/" title="Continuer la lecture &rarr;">Continuer la lecture &rarr;</a></p></div></ul><ul class='lcp_paginator'><li class='lcp_currentpage'>1</li><li><a href='https://societesplurielles.fr/fr/wp-json/wp/v2/pages/137?lcp_page0=2#lcp_instance_0' title='2'>2</a></li><li><a href='https://societesplurielles.fr/fr/wp-json/wp/v2/pages/137?lcp_page0=2#lcp_instance_0' title='2' class='lcp_nextlink'>Suivant</a></li></ul>

[catlist name="videos" customfield_display="a-venir" customfield_display_name=no content=yes pagination="yes" numberposts=5 pagination_prev"Précédent" pagination_next="Suivant" template=default]
